{"id":51,"date":"2010-10-31T21:54:52","date_gmt":"2010-10-31T19:54:52","guid":{"rendered":"http:\/\/www.attergauerliedertafel.at\/index.php\/"},"modified":"2025-06-02T20:53:03","modified_gmt":"2025-06-02T18:53:03","slug":"vereinsvorstand","status":"publish","type":"page","link":"http:\/\/www.attergauerliedertafel.at\/index.php\/unser-chor\/vereinsvorstand\/","title":{"rendered":"Vereinsvorstand"},"content":{"rendered":"<div class=\"mceTemp\"><\/div>\n<p><a href=\"http:\/\/www.attergauerliedertafel.at\/index.php\/unser-chor\/vereinsvorstand\/\">Vereinsvorstand <\/a>| <a href=\"http:\/\/www.attergauerliedertafel.at\/index.php\/unser-chor\/1-tenor\/\">1. Tenor<\/a> | <a href=\"http:\/\/www.attergauerliedertafel.at\/index.php\/unser-chor\/2-tenor\/\">2. Tenor<\/a> | <a href=\"http:\/\/www.attergauerliedertafel.at\/index.php\/unser-chor\/1-bass\/\">1. Bass<\/a> | <a href=\"http:\/\/www.attergauerliedertafel.at\/index.php\/unser-chor\/2-bass\/\">2. Bass<\/a><\/p>\n<p><img loading=\"lazy\" class=\" wp-image-1699 aligncenter\" src=\"http:\/\/www.attergauerliedertafel.at\/wp-content\/uploads\/Liedertafe_202_19-400x267.jpg\" alt=\"\" width=\"566\" height=\"378\" srcset=\"http:\/\/www.attergauerliedertafel.at\/wp-content\/uploads\/Liedertafe_202_19-400x267.jpg 400w, http:\/\/www.attergauerliedertafel.at\/wp-content\/uploads\/Liedertafe_202_19-1024x682.jpg 1024w, http:\/\/www.attergauerliedertafel.at\/wp-content\/uploads\/Liedertafe_202_19-768x512.jpg 768w, http:\/\/www.attergauerliedertafel.at\/wp-content\/uploads\/Liedertafe_202_19-1536x1024.jpg 1536w, http:\/\/www.attergauerliedertafel.at\/wp-content\/uploads\/Liedertafe_202_19.jpg 2000w\" sizes=\"(max-width: 566px) 100vw, 566px\" \/><\/p>\n<p>Unser Vereinsvorstand seit der Jahreshauptversammlung am 24. M\u00e4rz 2017<\/p>\n<p><strong>Chorleiterin: <\/strong>Diana P\u00fchringer<\/p>\n<p><strong>Obmann: <\/strong>Josef B\u00f6ckl, Doblergasse 35, 0664\/4326145<br \/>\n<strong>Obmann-Stv.: <\/strong>Michael Holzapfel, Lohen 6,\u00a0 07667\/6443<br \/>\n<strong>Kassier: <\/strong>Herbert Gruber, Alkersdorf 39, 07667\/6614<br \/>\n<strong>Schriftf\u00fchrer: <\/strong>Michael Binder, Im Weidach 5, 0664\/4014063, Fax 07667\/20936, Mail: <a href=\"mailto:michael@vm-binder.at\">michael@vm-binder.at<\/a><br \/>\n<strong style=\"font-size: revert; color: initial;\">Pressereferent: <\/strong><span style=\"font-size: revert; color: initial;\">Johannes Eder, johannese79@gmail.com<\/span><\/p>\n<p><strong>Marketenderinnen:<\/strong> Johanna, Theresa und Marie Luise (nicht im Bild)<\/p>\n<p><img loading=\"lazy\" class=\"alignleft  wp-image-1715\" src=\"http:\/\/www.attergauerliedertafel.at\/wp-content\/uploads\/Liedertafe_202_12-400x267.jpg\" alt=\"\" width=\"539\" height=\"360\" srcset=\"http:\/\/www.attergauerliedertafel.at\/wp-content\/uploads\/Liedertafe_202_12-400x267.jpg 400w, http:\/\/www.attergauerliedertafel.at\/wp-content\/uploads\/Liedertafe_202_12-1024x682.jpg 1024w, http:\/\/www.attergauerliedertafel.at\/wp-content\/uploads\/Liedertafe_202_12-768x512.jpg 768w, http:\/\/www.attergauerliedertafel.at\/wp-content\/uploads\/Liedertafe_202_12-1536x1024.jpg 1536w, http:\/\/www.attergauerliedertafel.at\/wp-content\/uploads\/Liedertafe_202_12.jpg 2000w\" sizes=\"(max-width: 539px) 100vw, 539px\" \/><\/p>\n","protected":false},"excerpt":{"rendered":"<p>Vereinsvorstand | 1. Tenor | 2. Tenor | 1. Bass | 2. Bass Unser Vereinsvorstand seit der Jahreshauptversammlung am 24. M\u00e4rz 2017 Chorleiterin: Diana P\u00fchringer Obmann: Josef B\u00f6ckl, Doblergasse 35, 0664\/4326145 Obmann-Stv.: Michael Holzapfel, Lohen 6,\u00a0 07667\/6443 Kassier: Herbert Gruber, &hellip; <a href=\"http:\/\/www.attergauerliedertafel.at\/index.php\/unser-chor\/vereinsvorstand\/\">Weiterlesen <span class=\"meta-nav\">&rarr;<\/span><\/a><\/p>\n","protected":false},"author":1,"featured_media":0,"parent":45,"menu_order":1,"comment_status":"closed","ping_status":"closed","template":"","meta":[],"_links":{"self":[{"href":"http:\/\/www.attergauerliedertafel.at\/index.php\/wp-json\/wp\/v2\/pages\/51"}],"collection":[{"href":"http:\/\/www.attergauerliedertafel.at\/index.php\/wp-json\/wp\/v2\/pages"}],"about":[{"href":"http:\/\/www.attergauerliedertafel.at\/index.php\/wp-json\/wp\/v2\/types\/page"}],"author":[{"embeddable":true,"href":"http:\/\/www.attergauerliedertafel.at\/index.php\/wp-json\/wp\/v2\/users\/1"}],"replies":[{"embeddable":true,"href":"http:\/\/www.attergauerliedertafel.at\/index.php\/wp-json\/wp\/v2\/comments?post=51"}],"version-history":[{"count":39,"href":"http:\/\/www.attergauerliedertafel.at\/index.php\/wp-json\/wp\/v2\/pages\/51\/revisions"}],"predecessor-version":[{"id":1716,"href":"http:\/\/www.attergauerliedertafel.at\/index.php\/wp-json\/wp\/v2\/pages\/51\/revisions\/1716"}],"up":[{"embeddable":true,"href":"http:\/\/www.attergauerliedertafel.at\/index.php\/wp-json\/wp\/v2\/pages\/45"}],"wp:attachment":[{"href":"http:\/\/www.attergauerliedertafel.at\/index.php\/wp-json\/wp\/v2\/media?parent=51"}],"curies":[{"name":"wp","href":"https:\/\/api.w.org\/{rel}","templated":true}]}}

<div class="mceTemp"></div>
<p><a href="http://www.attergauerliedertafel.at/index.php/unser-chor/vereinsvorstand/">Vereinsvorstand </a>| <a href="http://www.attergauerliedertafel.at/index.php/unser-chor/1-tenor/">1. Tenor</a> | <a href="http://www.attergauerliedertafel.at/index.php/unser-chor/2-tenor/">2. Tenor</a> | <a href="http://www.attergauerliedertafel.at/index.php/unser-chor/1-bass/">1. Bass</a> | <a href="http://www.attergauerliedertafel.at/index.php/unser-chor/2-bass/">2. Bass</a></p>
<p><img loading="lazy" class=" wp-image-1699 aligncenter" src="http://www.attergauerliedertafel.at/wp-content/uploads/Liedertafe_202_19-400x267.jpg" alt="" width="566" height="378" srcset="http://www.attergauerliedertafel.at/wp-content/uploads/Liedertafe_202_19-400x267.jpg 400w, http://www.attergauerliedertafel.at/wp-content/uploads/Liedertafe_202_19-1024x682.jpg 1024w, http://www.attergauerliedertafel.at/wp-content/uploads/Liedertafe_202_19-768x512.jpg 768w, http://www.attergauerliedertafel.at/wp-content/uploads/Liedertafe_202_19-1536x1024.jpg 1536w, http://www.attergauerliedertafel.at/wp-content/uploads/Liedertafe_202_19.jpg 2000w" sizes="(max-width: 566px) 100vw, 566px" /></p>
<p>Unser Vereinsvorstand seit der Jahreshauptversammlung am 24. März 2017</p>
<p><strong>Chorleiterin: </strong>Diana Pühringer</p>
<p><strong>Obmann: </strong>Josef Böckl, Doblergasse 35, 0664/4326145<br />
<strong>Obmann-Stv.: </strong>Michael Holzapfel, Lohen 6,  07667/6443<br />
<strong>Kassier: </strong>Herbert Gruber, Alkersdorf 39, 07667/6614<br />
<strong>Schriftführer: </strong>Michael Binder, Im Weidach 5, 0664/4014063, Fax 07667/20936, Mail: <a href="mailto:michael@vm-binder.at">michael@vm-binder.at</a><br />
<strong style="font-size: revert; color: initial;">Pressereferent: </strong><span style="font-size: revert; color: initial;">Johannes Eder, johannese79@gmail.com</span></p>
<p><strong>Marketenderinnen:</strong> Johanna, Theresa und Marie Luise (nicht im Bild)</p>
<p><img loading="lazy" class="alignleft  wp-image-1715" src="http://www.attergauerliedertafel.at/wp-content/uploads/Liedertafe_202_12-400x267.jpg" alt="" width="539" height="360" srcset="http://www.attergauerliedertafel.at/wp-content/uploads/Liedertafe_202_12-400x267.jpg 400w, http://www.attergauerliedertafel.at/wp-content/uploads/Liedertafe_202_12-1024x682.jpg 1024w, http://www.attergauerliedertafel.at/wp-content/uploads/Liedertafe_202_12-768x512.jpg 768w, http://www.attergauerliedertafel.at/wp-content/uploads/Liedertafe_202_12-1536x1024.jpg 1536w, http://www.attergauerliedertafel.at/wp-content/uploads/Liedertafe_202_12.jpg 2000w" sizes="(max-width: 539px) 100vw, 539px" /></p>

<p>Vereinsvorstand | 1. Tenor | 2. Tenor | 1. Bass | 2. Bass Unser Vereinsvorstand seit der Jahreshauptversammlung am 24. März 2017 Chorleiterin: Diana Pühringer Obmann: Josef Böckl, Doblergasse 35, 0664/4326145 Obmann-Stv.: Michael Holzapfel, Lohen 6,  07667/6443 Kassier: Herbert Gruber, &hellip; <a href="http://www.attergauerliedertafel.at/index.php/unser-chor/vereinsvorstand/">Weiterlesen <span class="meta-nav">&rarr;</span></a></p>
